{"id":319,"date":"2025-05-20T11:07:15","date_gmt":"2025-05-20T10:07:15","guid":{"rendered":"https:\/\/www.ais-trucks.de\/?page_id=319"},"modified":"2025-05-20T11:07:15","modified_gmt":"2025-05-20T10:07:15","slug":"barrierefreiheit","status":"publish","type":"page","link":"https:\/\/www.ais-trucks.de\/?page_id=319","title":{"rendered":"Barrierefreiheit"},"content":{"rendered":"\n<p>Wir sind bestrebt, die digitale Barrierefreiheit f\u00fcr Menschen mit<br>Behinderung zu gew\u00e4hrleisten. Diese Website entspricht jedoch nur<br>teilweise dem WCAG-2.0-Standard. Das bedeutet, dass einige Inhalte nicht<br>vollst\u00e4ndig barrierefrei sind. Wir arbeiten kontinuierlich daran, die<br>Benutzererfahrung und Zug\u00e4nglichkeit zu verbessern.<\/p>\n\n\n\n<p>Wir freuen uns \u00fcber Ihr Feedback zur Barrierefreiheit dieser Website.<br>Bitte kontaktieren Sie uns, falls Sie auf Zug\u00e4nglichkeitsbarrieren<br>sto\u00dfen.<\/p>\n\n\n\n<p>info@ais-trucks.de<\/p>\n","protected":false},"excerpt":{"rendered":"<p>Wir sind bestrebt, die digitale Barrierefreiheit f\u00fcr Menschen mitBehinderung zu gew\u00e4hrleisten. Diese Website entspricht jedoch nurteilweise dem WCAG-2.0-Standard. Das bedeutet, dass einige Inhalte nichtvollst\u00e4ndig barrierefrei sind. Wir arbeiten kontinuierlich daran, dieBenutzererfahrung und Zug\u00e4nglichkeit zu verbessern. Wir freuen uns \u00fcber Ihr &hellip; <a href=\"https:\/\/www.ais-trucks.de\/?page_id=319\">Continued<\/a><\/p>\n","protected":false},"author":1,"featured_media":0,"parent":0,"menu_order":0,"comment_status":"closed","ping_status":"closed","template":"","meta":[],"_links":{"self":[{"href":"https:\/\/www.ais-trucks.de\/index.php?rest_route=\/wp\/v2\/pages\/319"}],"collection":[{"href":"https:\/\/www.ais-trucks.de\/index.php?rest_route=\/wp\/v2\/pages"}],"about":[{"href":"https:\/\/www.ais-trucks.de\/index.php?rest_route=\/wp\/v2\/types\/page"}],"author":[{"embeddable":true,"href":"https:\/\/www.ais-trucks.de\/index.php?rest_route=\/wp\/v2\/users\/1"}],"replies":[{"embeddable":true,"href":"https:\/\/www.ais-trucks.de\/index.php?rest_route=%2Fwp%2Fv2%2Fcomments&post=319"}],"version-history":[{"count":1,"href":"https:\/\/www.ais-trucks.de\/index.php?rest_route=\/wp\/v2\/pages\/319\/revisions"}],"predecessor-version":[{"id":320,"href":"https:\/\/www.ais-trucks.de\/index.php?rest_route=\/wp\/v2\/pages\/319\/revisions\/320"}],"wp:attachment":[{"href":"https:\/\/www.ais-trucks.de\/index.php?rest_route=%2Fwp%2Fv2%2Fmedia&parent=319"}],"curies":[{"name":"wp","href":"https:\/\/api.w.org\/{rel}","templated":true}]}}

<p>Wir sind bestrebt, die digitale Barrierefreiheit für Menschen mit<br>Behinderung zu gewährleisten. Diese Website entspricht jedoch nur<br>teilweise dem WCAG-2.0-Standard. Das bedeutet, dass einige Inhalte nicht<br>vollständig barrierefrei sind. Wir arbeiten kontinuierlich daran, die<br>Benutzererfahrung und Zugänglichkeit zu verbessern.</p>



<p>Wir freuen uns über Ihr Feedback zur Barrierefreiheit dieser Website.<br>Bitte kontaktieren Sie uns, falls Sie auf Zugänglichkeitsbarrieren<br>stoßen.</p>



<p>info@ais-trucks.de</p>

<p>Wir sind bestrebt, die digitale Barrierefreiheit für Menschen mitBehinderung zu gewährleisten. Diese Website entspricht jedoch nurteilweise dem WCAG-2.0-Standard. Das bedeutet, dass einige Inhalte nichtvollständig barrierefrei sind. Wir arbeiten kontinuierlich daran, dieBenutzererfahrung und Zugänglichkeit zu verbessern. Wir freuen uns über Ihr &hellip; <a href="https://www.ais-trucks.de/?page_id=319">Continued</a></p>
